{"id":560,"date":"2010-01-20T09:56:34","date_gmt":"2010-01-20T07:56:34","guid":{"rendered":"http:\/\/la.sv-dodenhausen.de\/?page_id=560"},"modified":"2026-03-18T22:24:31","modified_gmt":"2026-03-18T20:24:31","slug":"ausschreibung","status":"publish","type":"page","link":"https:\/\/la.sv-dodenhausen.de\/?page_id=560","title":{"rendered":"Ausschreibung"},"content":{"rendered":"<h1>Ausschreibung 22.&nbsp;&nbsp; 3-Berge-Lauf 2026<\/h1>\n<p><strong>am Samstag, den 11. April 2026<\/strong><\/p>\n<table border=\"0\" cellspacing=\"0\" cellpadding=\"0\">\n<tbody>\n<tr>\n<td valign=\"top\" width=\"201\"><strong>Veranstalter<\/strong><\/td>\n<td valign=\"top\" width=\"567\">\n<h5>SV Blau-Wei\u00df Dodenhausen 1920 e.V.<\/h5>\n<\/td>\n<\/tr>\n<tr>\n<td valign=\"top\" width=\"201\"><strong>Auskunft<\/strong><\/td>\n<td valign=\"top\" width=\"567\">Klaus Kirschner, R\u00fccklingstr. 9, 35114 Haina-DodenhausenTelefon Netz: <strong>06456 &#8211; 1781 <\/strong>Internet: <strong>http:\/\/www.la.sv-dodenhausen.de<\/strong><\/td>\n<\/tr>\n<tr>\n<td valign=\"top\" width=\"201\"><strong>Wettkampfleiter<\/strong><\/td>\n<td valign=\"top\" width=\"567\">Klaus Kirschner<\/td>\n<\/tr>\n<tr>\n<td valign=\"top\" width=\"201\"><strong>Strecke <\/strong><strong>Zeitnahme <\/strong><strong>Auswertung<\/strong><\/td>\n<td valign=\"top\" width=\"567\">G\u00fcnter Grunewald, Klaus Kirschner, Normen Stiebig<\/td>\n<\/tr>\n<tr>\n<td valign=\"top\" width=\"201\"><strong>Strecken<\/strong><\/td>\n<td valign=\"top\" width=\"567\">\n<h5><strong>26,2 km <\/strong>&#8211; H\u00f6hendifferenz: <strong> ca.&nbsp;950 m<\/strong><\/h5>\n<h5><strong>13,7 km <\/strong> &#8211; H\u00f6hendifferenz: <strong>ca. 370 m <\/strong><br \/>\n<strong>(mit Walking)<\/strong><\/h5>\n<h5><strong>&nbsp;4,3 km <\/strong>&#8211; H\u00f6hendifferenz:&nbsp;&nbsp; <strong>ca. 130 m <\/strong><br \/>\n<strong>(mit Walking)<\/strong><\/h5>\n<\/td>\n<\/tr>\n<tr>\n<td valign=\"top\" width=\"201\">\n<h5><strong>Start und <\/strong><strong>Startzeit <\/strong><\/h5>\n<h5><strong>Ziel<\/strong><\/h5>\n<\/td>\n<td valign=\"top\" width=\"567\">\n<h5><strong>Sportplatz Dodenhausen <\/strong><strong>13.00 Uhr (alle L\u00e4ufe)<br \/>\n<\/strong><\/h5>\n<h5>DGH \u201eAlte Schule\u201c und Sportplatz liegen ca. 200 m auseinander.<\/h5>\n<\/td>\n<\/tr>\n<tr>\n<td valign=\"top\" width=\"201\"><strong>Parkpl\u00e4tze<\/strong><\/td>\n<td valign=\"top\" width=\"567\">Direkt bei Start rund um den Sportplatz<\/td>\n<\/tr>\n<tr>\n<td valign=\"top\" width=\"201\"><strong>Teilnahme<\/strong><\/td>\n<td valign=\"top\" width=\"567\">Der 3-Berge-Lauf ist eine breitensportliche Veranstaltung f\u00fcr jedermann.<\/td>\n<\/tr>\n<tr>\n<td valign=\"top\" width=\"201\"><strong>Anmeldung<\/strong><\/td>\n<td valign=\"top\" width=\"567\">\n<h5><strong>DGH <\/strong>\u201eAlte Schule (Tuchbleiche 1, 35114 Dodenhausen) ab <strong>11.00 Uhr<\/strong> &#8211; Anmeldeschluss <strong>12:15 Uhr<\/strong><br \/>\nErgebnisse unter:<\/h5>\n<h5><strong>http:\/\/www.la.sv-dodenhausen.de<\/strong><\/h5>\n<\/td>\n<\/tr>\n<tr>\n<td valign=\"top\" width=\"201\"><strong>Startgeld<\/strong><\/td>\n<td valign=\"top\" width=\"567\">\n<h5>\u20ac 6,- f\u00fcr Kurz- u. Mittelstrecke<\/h5>\n<h5>\u20ac 12,- f\u00fcr Langstrecke<\/h5>\n<\/td>\n<\/tr>\n<tr>\n<td valign=\"top\" width=\"201\"><strong>Umkleiden\/Duschen<\/strong><\/td>\n<td valign=\"top\" width=\"567\">Vereinsheim am Sportplatz<\/td>\n<\/tr>\n<tr>\n<td valign=\"top\" width=\"201\"><strong>Siegerehrung<\/strong><\/td>\n<td valign=\"top\" width=\"567\">Schnellstm\u00f6glich nach Zielschluss. Vereinsheim am Sportplatz<\/td>\n<\/tr>\n<tr>\n<td valign=\"top\" width=\"201\"><strong>Auszeichnungen<\/strong><\/td>\n<td valign=\"top\" width=\"567\">Urkunden f\u00fcr alle Teilnehmer<\/td>\n<\/tr>\n<tr>\n<td valign=\"top\" width=\"201\"><strong>Hinweis<\/strong><\/td>\n<td valign=\"top\" width=\"567\">Die <strong>Startnummer<\/strong> bitte <strong>vorn<\/strong> au\u00dfen an der Sportkleidung tragen. Sie dient bei Streckeneinweisung u. Zieleinlauf zur Identifizierung des Teilnehmers.<\/td>\n<\/tr>\n<tr>\n<td valign=\"top\" width=\"201\"><strong>Ergebnisse<\/strong><\/td>\n<td valign=\"top\" width=\"567\">\n<h5>Sie werden auf der Homepage<\/h5>\n<h5><strong>http:\/\/www.la.sv-dodenhausen.de<\/strong> ver\u00f6ffentlicht.<\/h5>\n<\/td>\n<\/tr>\n<tr>\n<td valign=\"top\" width=\"201\"><strong>Versorgung<\/strong><\/td>\n<td valign=\"top\" width=\"567\">\n<h5>Wir haben bis zu 4 Versorgungsstellen eingerichtet, an der Versorgung in Sch\u00f6nstein gibt es neben Tee und Wasser auch Riegel und Bananen. Zielverpflegung am DGH<\/h5>\n<\/td>\n<\/tr>\n<tr>\n<td valign=\"top\" width=\"201\"><strong>Kaffee u. Kuchen<\/strong><\/td>\n<td valign=\"top\" width=\"567\">\n<h5>Ab 14.00 Uhr gibt es Kaffee u. Kuchen, im Vereinsheim am Sportplatz.<\/h5>\n<\/td>\n<\/tr>\n<tr>\n<td valign=\"top\" width=\"201\"><strong>Haftung<\/strong><\/td>\n<td valign=\"top\" width=\"567\">\n<p style=\"text-align: justify;\">Wir schlie\u00dfen unsere Haftung f\u00fcr einfache fahrl\u00e4ssige Pflichtverletzungen aus, sofern diese keine vertragswesentlichen Pflichten oder Sch\u00e4den aufgrund einer Verletzung des Lebens , des K\u00f6rpers oder der Gesundheit betreffen. Gleiches gilt f\u00fcr Pflichtverletzungen unserer Erf\u00fcllungsgehilfen.<\/p>\n<p>Teilnehmer, die keinem Verein angeh\u00f6ren, sind im Rahmen einer vom Hessischen Leichtathletik-Verband (HLV) abgeschlossenen Sportversicherung versichert, Teilnehmer von Vereinen \u00fcber die Sportversicherung ihres Vereins beim LSB Hessen.<br \/>\nF\u00fcr abhanden gekommene Sachen und Diebst\u00e4hle haftet der Veranstalter nicht.<\/p>\n<h5>&nbsp;<\/h5>\n<h5 style=\"text-align: justify;\"><strong>Datenschutzrechtlicher Hinweis:<\/strong><\/h5>\n<p style=\"text-align: justify;\">Mit der Anmeldung zeigt sich der Teilnehmer einverstanden, dass die von ihm im Zusammenhang mit der Teilnahme gemachten Fotos, Filmaufnahmen und Interviews in den Medien ohne Verg\u00fctungsanspruch f\u00fcr ihn seitens des Veranstalters genutzt, verbreitet und ver\u00f6ffentlicht werden d\u00fcrfen.<\/p>\n<p style=\"text-align: justify;\">Des Weiteren best\u00e4tigt der Teilnehmer die Richtigkeit aller von ihm angegebenen Daten und stimmt einer Ver\u00f6ffentlichung seines Namens, Geburtsjahres und Vereins\/Ortes in den Ergebnislisten sowie im Rahmen der Berichterstattung zu.<\/p>\n<p style=\"text-align: justify;\">Ist der Teilnehmer mit der Speicherung, Nutzung, Weitergabe oder der Ver\u00f6ffentlichung seiner personenbezogenen Daten gem. den o.a. Abs\u00e4tzen nicht einverstanden, muss er dies auf dem Anmeldevordruck entsprechend vermerken.<\/p>\n<\/td>\n<\/tr>\n<tr>\n<td valign=\"top\" width=\"201\"><strong>Sonstiges<\/strong><\/td>\n<td valign=\"top\" width=\"567\">\n<h5>Liegengebliebene Sachen werden bis 14 Tagen aufbewahrt; R\u00fcckfragen bei Klaus Kirschner (<strong>06456 &#8211; 1781)<\/strong><\/h5>\n<\/td>\n<\/tr>\n<\/tbody>\n<\/table>\n","protected":false},"excerpt":{"rendered":"<p>Ausschreibung 22.&nbsp;&nbsp; 3-Berge-Lauf 2026 am Samstag, den 11. April 2026 Veranstalter SV Blau-Wei\u00df Dodenhausen 1920 e.V. Auskunft Klaus Kirschner, R\u00fccklingstr. 9, 35114 Haina-DodenhausenTelefon Netz: 06456 &#8211; 1781 Internet: http:\/\/www.la.sv-dodenhausen.de Wettkampfleiter Klaus Kirschner Strecke Zeitnahme Auswertung G\u00fcnter Grunewald, Klaus Kirschner, Normen [&hellip;]<\/p>\n","protected":false},"author":1,"featured_media":0,"parent":20,"menu_order":1,"comment_status":"closed","ping_status":"closed","template":"","meta":{"ngg_post_thumbnail":0,"footnotes":""},"_links":{"self":[{"href":"https:\/\/la.sv-dodenhausen.de\/index.php?rest_route=\/wp\/v2\/pages\/560"}],"collection":[{"href":"https:\/\/la.sv-dodenhausen.de\/index.php?rest_route=\/wp\/v2\/pages"}],"about":[{"href":"https:\/\/la.sv-dodenhausen.de\/index.php?rest_route=\/wp\/v2\/types\/page"}],"author":[{"embeddable":true,"href":"https:\/\/la.sv-dodenhausen.de\/index.php?rest_route=\/wp\/v2\/users\/1"}],"replies":[{"embeddable":true,"href":"https:\/\/la.sv-dodenhausen.de\/index.php?rest_route=%2Fwp%2Fv2%2Fcomments&post=560"}],"version-history":[{"count":21,"href":"https:\/\/la.sv-dodenhausen.de\/index.php?rest_route=\/wp\/v2\/pages\/560\/revisions"}],"predecessor-version":[{"id":7852,"href":"https:\/\/la.sv-dodenhausen.de\/index.php?rest_route=\/wp\/v2\/pages\/560\/revisions\/7852"}],"up":[{"embeddable":true,"href":"https:\/\/la.sv-dodenhausen.de\/index.php?rest_route=\/wp\/v2\/pages\/20"}],"wp:attachment":[{"href":"https:\/\/la.sv-dodenhausen.de\/index.php?rest_route=%2Fwp%2Fv2%2Fmedia&parent=560"}],"curies":[{"name":"wp","href":"https:\/\/api.w.org\/{rel}","templated":true}]}}