{"id":571,"date":"2010-01-20T17:51:14","date_gmt":"2010-01-20T15:51:14","guid":{"rendered":"http:\/\/la.sv-dodenhausen.de\/?page_id=571"},"modified":"2015-07-04T19:37:30","modified_gmt":"2015-07-04T17:37:30","slug":"gunter-grunewald","status":"publish","type":"page","link":"https:\/\/la.sv-dodenhausen.de\/?page_id=571","title":{"rendered":"G\u00fcnter Grunewald"},"content":{"rendered":"<p><a class=\"ngg-fancybox\" title=\"G\u00fcnter Grunewald\" href=\"http:\/\/la.sv-dodenhausen.de\/wp-content\/gallery\/portrats\/portrat_grunewald_gunter.jpg\" rel=\"\" data-image-id=\"239\" data-src=\"http:\/\/la.sv-dodenhausen.de\/wp-content\/gallery\/portrats\/portrat_grunewald_gunter.jpg\" data-thumbnail=\"http:\/\/la.sv-dodenhausen.de\/wp-content\/gallery\/portrats\/thumbs\/thumbs_portrat_grunewald_gunter.jpg\" data-title=\"G\u00fcnter Grunewald\" data-description=\"G\u00fcnter Grunewald\"><img decoding=\"async\" class=\"ngg-singlepic ngg-none\" src=\"http:\/\/la.sv-dodenhausen.de\/wp-content\/gallery\/portrats\/thumbs\/thumbs_portrat_grunewald_gunter.jpg\" alt=\"G\u00fcnter Grunewald\" \/><\/a><\/p>\n\n<table id=\"tablepress-86\" class=\"tablepress tablepress-id-86\">\n<tbody>\n<tr class=\"row-1 odd\">\n\t<td class=\"column-1\">Name:<\/td><td class=\"column-2\">G\u00fcnter Grunewald<\/td>\n<\/tr>\n<tr class=\"row-2 even\">\n\t<td class=\"column-1\">Geburtsdatum:<\/td><td class=\"column-2\">28.04.1954<\/td>\n<\/tr>\n<tr class=\"row-3 odd\">\n\t<td class=\"column-1\">Gr\u00f6\u00dfte Erfolge:<\/td><td class=\"column-2\">Marathon in 3:44:45h (Frankfurt 2001)<\/td>\n<\/tr>\n<tr class=\"row-4 even\">\n\t<td class=\"column-1\">Sch\u00f6nster Wettkampf:<\/td><td class=\"column-2\">Die Staffell\u00e4ufe rund um den Edersee, die es leider nicht mehr gibt!<\/td>\n<\/tr>\n<tr class=\"row-5 odd\">\n\t<td class=\"column-1\">Schlechtester Wettkampf:<\/td><td class=\"column-2\">HM Rennsteig 2008, bis km 9 habe ich 1000 L\u00e4ufer (!) \u00fcberholt, dann bekam ich eine Zerrung und 1000 (!) haben mich \u00fcberholt, bis ich mit vielen Gehpausen nach 2:02 ins Ziel kam.<\/td>\n<\/tr>\n<tr class=\"row-6 even\">\n\t<td class=\"column-1\">Schlimmste Verletzung:<\/td><td class=\"column-2\">1998 - OP wg. Knorbelschaden Knie links   \u2013 danach habe ich mit dem Laufen angefangen<br> 2006 \u2013 OP wg. Knorbelschaden Knie rechts<br> 2009 \u2013 Adduktorenverletzung nach Skiunfall \u2013 6 Monate Laufpause<\/td>\n<\/tr>\n<tr class=\"row-7 odd\">\n\t<td class=\"column-1\">Hobbys:<\/td><td class=\"column-2\">Laufen, Ski fahren, Fahrrad fahren, unser Garten uvm.<\/td>\n<\/tr>\n<\/tbody>\n<\/table>\n<!-- #tablepress-86 from cache -->\n","protected":false},"excerpt":{"rendered":"","protected":false},"author":1,"featured_media":0,"parent":8,"menu_order":0,"comment_status":"closed","ping_status":"closed","template":"","meta":{"ngg_post_thumbnail":0,"footnotes":""},"_links":{"self":[{"href":"https:\/\/la.sv-dodenhausen.de\/index.php?rest_route=\/wp\/v2\/pages\/571"}],"collection":[{"href":"https:\/\/la.sv-dodenhausen.de\/index.php?rest_route=\/wp\/v2\/pages"}],"about":[{"href":"https:\/\/la.sv-dodenhausen.de\/index.php?rest_route=\/wp\/v2\/types\/page"}],"author":[{"embeddable":true,"href":"https:\/\/la.sv-dodenhausen.de\/index.php?rest_route=\/wp\/v2\/users\/1"}],"replies":[{"embeddable":true,"href":"https:\/\/la.sv-dodenhausen.de\/index.php?rest_route=%2Fwp%2Fv2%2Fcomments&post=571"}],"version-history":[{"count":0,"href":"https:\/\/la.sv-dodenhausen.de\/index.php?rest_route=\/wp\/v2\/pages\/571\/revisions"}],"up":[{"embeddable":true,"href":"https:\/\/la.sv-dodenhausen.de\/index.php?rest_route=\/wp\/v2\/pages\/8"}],"wp:attachment":[{"href":"https:\/\/la.sv-dodenhausen.de\/index.php?rest_route=%2Fwp%2Fv2%2Fmedia&parent=571"}],"curies":[{"name":"wp","href":"https:\/\/api.w.org\/{rel}","templated":true}]}}